{"id":58,"date":"2026-03-02T17:57:06","date_gmt":"2026-03-02T17:57:06","guid":{"rendered":"https:\/\/ferrediscos.com\/wp2\/?page_id=58"},"modified":"2026-03-06T19:04:14","modified_gmt":"2026-03-06T19:04:14","slug":"contacto","status":"publish","type":"page","link":"https:\/\/ferrediscos.com\/wp2\/contacto\/","title":{"rendered":"Contacto"},"content":{"rendered":"<style>.wp-block-kadence-advancedheading.kt-adv-heading58_873ef8-19, .wp-block-kadence-advancedheading.kt-adv-heading58_873ef8-19[data-kb-block=\"kb-adv-heading58_873ef8-19\"]{text-align:center;font-style:normal;background-color:#a90202;}.wp-block-kadence-advancedheading.kt-adv-heading58_873ef8-19 mark.kt-highlight, .wp-block-kadence-advancedheading.kt-adv-heading58_873ef8-19[data-kb-block=\"kb-adv-heading58_873ef8-19\"] mark.kt-highlight{font-style:normal;color:#f76a0c;-webkit-box-decoration-break:clone;box-decoration-break:clone;padding-top:0px;padding-right:0px;padding-bottom:0px;padding-left:0px;}.wp-block-kadence-advancedheading.kt-adv-heading58_873ef8-19 img.kb-inline-image, .wp-block-kadence-advancedheading.kt-adv-heading58_873ef8-19[data-kb-block=\"kb-adv-heading58_873ef8-19\"] img.kb-inline-image{width:150px;vertical-align:baseline;}<\/style>\n<h2 class=\"kt-adv-heading58_873ef8-19 wp-block-kadence-advancedheading has-theme-palette-9-color has-text-color\" data-kb-block=\"kb-adv-heading58_873ef8-19\">Cont\u00e1ctenos<\/h2>\n\n\n<style>.kb-row-layout-id58_6d7a5d-6e > .kt-row-column-wrap{align-content:start;}:where(.kb-row-layout-id58_6d7a5d-6e > .kt-row-column-wrap) > .wp-block-kadence-column{justify-content:start;}.kb-row-layout-id58_6d7a5d-6e > .kt-row-column-wrap{column-gap:var(--global-kb-gap-md, 2rem);row-gap:var(--global-kb-gap-md, 2rem);padding-top:var(--global-kb-spacing-sm, 1.5rem);padding-bottom:var(--global-kb-spacing-sm, 1.5rem);grid-template-columns:repeat(2, minmax(0, 1fr));}.kb-row-layout-id58_6d7a5d-6e > .kt-row-layout-overlay{opacity:0.30;}@media all and (max-width: 1024px){.kb-row-layout-id58_6d7a5d-6e > .kt-row-column-wrap{grid-template-columns:repeat(2, minmax(0, 1fr));}}@media all and (max-width: 767px){.kb-row-layout-id58_6d7a5d-6e > .kt-row-column-wrap{grid-template-columns:minmax(0, 1fr);}}<\/style><div class=\"kb-row-layout-wrap kb-row-layout-id58_6d7a5d-6e alignnone wp-block-kadence-rowlayout\"><div class=\"kt-row-column-wrap kt-has-2-columns kt-row-layout-equal kt-tab-layout-inherit kt-mobile-layout-row kt-row-valign-top\">\n<style>.kadence-column58_906a11-ed > .kt-inside-inner-col,.kadence-column58_906a11-ed > .kt-inside-inner-col:before{border-top-left-radius:0px;border-top-right-radius:0px;border-bottom-right-radius:0px;border-bottom-left-radius:0px;}.kadence-column58_906a11-ed > .kt-inside-inner-col{column-gap:var(--global-kb-gap-sm, 1rem);}.kadence-column58_906a11-ed > .kt-inside-inner-col{flex-direction:column;}.kadence-column58_906a11-ed > .kt-inside-inner-col > .aligncenter{width:100%;}.kadence-column58_906a11-ed > .kt-inside-inner-col:before{opacity:0.3;}.kadence-column58_906a11-ed{position:relative;}@media all and (max-width: 1024px){.kadence-column58_906a11-ed > .kt-inside-inner-col{flex-direction:column;justify-content:center;}}@media all and (max-width: 767px){.kadence-column58_906a11-ed > .kt-inside-inner-col{flex-direction:column;justify-content:center;}}<\/style>\n<div class=\"wp-block-kadence-column kadence-column58_906a11-ed\"><div class=\"kt-inside-inner-col\"><style>.kt-svg-icons58_0e9cb7-26 .kt-svg-item-0 .kb-svg-icon-wrap{color:var(--global-palette4, #2D3748);font-size:50px;}.wp-block-kadence-icon.kt-svg-icons58_0e9cb7-26{justify-content:center;}<\/style>\n<div class=\"wp-block-kadence-icon kt-svg-icons kt-svg-icons58_0e9cb7-26 alignright\"><style>.kt-svg-item-58_de84b0-e6 .kb-svg-icon-wrap, .kt-svg-style-stacked.kt-svg-item-58_de84b0-e6 .kb-svg-icon-wrap{font-size:50px;}<\/style>\n<div class=\"wp-block-kadence-single-icon kt-svg-style-default kt-svg-icon-wrap kt-svg-item-58_de84b0-e6\"><span class=\"kb-svg-icon-wrap kb-svg-icon-kb_email-solid\"><svg viewBox=\"0 0 24 24\"  fill=\"currentColor\" xmlns=\"http:\/\/www.w3.org\/2000\/svg\"  aria-hidden=\"true\"><path d=\"M12 12.5l9-5.06V6c0-1.1-.9-2-2-2H5c-1.1 0-2 .9-2 2v1.44l9 5.06z\"\/><path d=\"M12 13.5l-9-5.06V18c0 1.1.9 2 2 2h14c1.1 0 2-.9 2-2V8.44l-9 5.06z\"\/><\/svg><\/span><\/div>\n<\/div>\n<\/div><\/div>\n\n\n<style>.kadence-column58_8a89b0-5a > .kt-inside-inner-col,.kadence-column58_8a89b0-5a > .kt-inside-inner-col:before{border-top-left-radius:0px;border-top-right-radius:0px;border-bottom-right-radius:0px;border-bottom-left-radius:0px;}.kadence-column58_8a89b0-5a > .kt-inside-inner-col{column-gap:var(--global-kb-gap-sm, 1rem);}.kadence-column58_8a89b0-5a > .kt-inside-inner-col{flex-direction:column;}.kadence-column58_8a89b0-5a > .kt-inside-inner-col > .aligncenter{width:100%;}.kadence-column58_8a89b0-5a > .kt-inside-inner-col:before{opacity:0.3;}.kadence-column58_8a89b0-5a{position:relative;}@media all and (max-width: 1024px){.kadence-column58_8a89b0-5a > .kt-inside-inner-col{flex-direction:column;justify-content:center;}}@media all and (max-width: 767px){.kadence-column58_8a89b0-5a > .kt-inside-inner-col{flex-direction:column;justify-content:center;}}<\/style>\n<div class=\"wp-block-kadence-column kadence-column58_8a89b0-5a\"><div class=\"kt-inside-inner-col\"><style>.wp-block-kadence-advancedheading.kt-adv-heading58_99bc3b-47, .wp-block-kadence-advancedheading.kt-adv-heading58_99bc3b-47[data-kb-block=\"kb-adv-heading58_99bc3b-47\"]{font-size:var(--global-kb-font-size-md, 1.25rem);font-style:normal;}.wp-block-kadence-advancedheading.kt-adv-heading58_99bc3b-47 mark.kt-highlight, .wp-block-kadence-advancedheading.kt-adv-heading58_99bc3b-47[data-kb-block=\"kb-adv-heading58_99bc3b-47\"] mark.kt-highlight{font-style:normal;color:#f76a0c;-webkit-box-decoration-break:clone;box-decoration-break:clone;padding-top:0px;padding-right:0px;padding-bottom:0px;padding-left:0px;}.wp-block-kadence-advancedheading.kt-adv-heading58_99bc3b-47 img.kb-inline-image, .wp-block-kadence-advancedheading.kt-adv-heading58_99bc3b-47[data-kb-block=\"kb-adv-heading58_99bc3b-47\"] img.kb-inline-image{width:150px;vertical-align:baseline;}<\/style>\n<h2 class=\"kt-adv-heading58_99bc3b-47 wp-block-kadence-advancedheading\" data-kb-block=\"kb-adv-heading58_99bc3b-47\">ventas@ferrediscos.com<\/h2>\n<\/div><\/div>\n\n<\/div><\/div>\n\n<style>.kb-row-layout-id58_80a10e-77 > .kt-row-column-wrap{align-content:start;}:where(.kb-row-layout-id58_80a10e-77 > .kt-row-column-wrap) > .wp-block-kadence-column{justify-content:start;}.kb-row-layout-id58_80a10e-77 > .kt-row-column-wrap{column-gap:var(--global-kb-gap-md, 2rem);row-gap:var(--global-kb-gap-md, 2rem);padding-top:var(--global-kb-spacing-sm, 1.5rem);padding-bottom:var(--global-kb-spacing-sm, 1.5rem);grid-template-columns:repeat(2, minmax(0, 1fr));}.kb-row-layout-id58_80a10e-77 > .kt-row-layout-overlay{opacity:0.30;}@media all and (max-width: 1024px){.kb-row-layout-id58_80a10e-77 > .kt-row-column-wrap{grid-template-columns:repeat(2, minmax(0, 1fr));}}@media all and (max-width: 767px){.kb-row-layout-id58_80a10e-77 > .kt-row-column-wrap{grid-template-columns:minmax(0, 1fr);}}<\/style><div class=\"kb-row-layout-wrap kb-row-layout-id58_80a10e-77 alignnone wp-block-kadence-rowlayout\"><div class=\"kt-row-column-wrap kt-has-2-columns kt-row-layout-equal kt-tab-layout-inherit kt-mobile-layout-row kt-row-valign-top\">\n<style>.kadence-column58_a08857-55 > .kt-inside-inner-col,.kadence-column58_a08857-55 > .kt-inside-inner-col:before{border-top-left-radius:0px;border-top-right-radius:0px;border-bottom-right-radius:0px;border-bottom-left-radius:0px;}.kadence-column58_a08857-55 > .kt-inside-inner-col{column-gap:var(--global-kb-gap-sm, 1rem);}.kadence-column58_a08857-55 > .kt-inside-inner-col{flex-direction:column;}.kadence-column58_a08857-55 > .kt-inside-inner-col > .aligncenter{width:100%;}.kadence-column58_a08857-55 > .kt-inside-inner-col:before{opacity:0.3;}.kadence-column58_a08857-55{position:relative;}@media all and (max-width: 1024px){.kadence-column58_a08857-55 > .kt-inside-inner-col{flex-direction:column;justify-content:center;}}@media all and (max-width: 767px){.kadence-column58_a08857-55 > .kt-inside-inner-col{flex-direction:column;justify-content:center;}}<\/style>\n<div class=\"wp-block-kadence-column kadence-column58_a08857-55\"><div class=\"kt-inside-inner-col\"><style>.kt-svg-icons58_890a0c-13 .kt-svg-item-0 .kb-svg-icon-wrap{color:var(--global-palette4, #2D3748);font-size:50px;}.wp-block-kadence-icon.kt-svg-icons58_890a0c-13{justify-content:flex-end;}<\/style>\n<div class=\"wp-block-kadence-icon kt-svg-icons kt-svg-icons58_890a0c-13 alignnone\"><style>.kt-svg-item-58_9da948-28 .kb-svg-icon-wrap, .kt-svg-style-stacked.kt-svg-item-58_9da948-28 .kb-svg-icon-wrap{font-size:50px;}<\/style>\n<div class=\"wp-block-kadence-single-icon kt-svg-style-default kt-svg-icon-wrap kt-svg-item-58_9da948-28\"><span class=\"kb-svg-icon-wrap kb-svg-icon-fe_home\"><svg viewBox=\"0 0 24 24\"  fill=\"none\" stroke=\"currentColor\" stroke-width=\"2\" stroke-linecap=\"round\" stroke-linejoin=\"round\" xmlns=\"http:\/\/www.w3.org\/2000\/svg\"  aria-hidden=\"true\"><path d=\"M3 9l9-7 9 7v11a2 2 0 0 1-2 2H5a2 2 0 0 1-2-2z\"\/><polyline points=\"9 22 9 12 15 12 15 22\"\/><\/svg><\/span><\/div>\n<\/div>\n<\/div><\/div>\n\n\n<style>.kadence-column58_5d57c9-ab > .kt-inside-inner-col,.kadence-column58_5d57c9-ab > .kt-inside-inner-col:before{border-top-left-radius:0px;border-top-right-radius:0px;border-bottom-right-radius:0px;border-bottom-left-radius:0px;}.kadence-column58_5d57c9-ab > .kt-inside-inner-col{column-gap:var(--global-kb-gap-sm, 1rem);}.kadence-column58_5d57c9-ab > .kt-inside-inner-col{flex-direction:column;}.kadence-column58_5d57c9-ab > .kt-inside-inner-col > .aligncenter{width:100%;}.kadence-column58_5d57c9-ab > .kt-inside-inner-col:before{opacity:0.3;}.kadence-column58_5d57c9-ab{position:relative;}@media all and (max-width: 1024px){.kadence-column58_5d57c9-ab > .kt-inside-inner-col{flex-direction:column;justify-content:center;}}@media all and (max-width: 767px){.kadence-column58_5d57c9-ab > .kt-inside-inner-col{flex-direction:column;justify-content:center;}}<\/style>\n<div class=\"wp-block-kadence-column kadence-column58_5d57c9-ab\"><div class=\"kt-inside-inner-col\"><style>.wp-block-kadence-advancedheading.kt-adv-heading58_627a85-4e, .wp-block-kadence-advancedheading.kt-adv-heading58_627a85-4e[data-kb-block=\"kb-adv-heading58_627a85-4e\"]{font-size:var(--global-kb-font-size-md, 1.25rem);font-style:normal;}.wp-block-kadence-advancedheading.kt-adv-heading58_627a85-4e mark.kt-highlight, .wp-block-kadence-advancedheading.kt-adv-heading58_627a85-4e[data-kb-block=\"kb-adv-heading58_627a85-4e\"] mark.kt-highlight{font-style:normal;color:#f76a0c;-webkit-box-decoration-break:clone;box-decoration-break:clone;padding-top:0px;padding-right:0px;padding-bottom:0px;padding-left:0px;}.wp-block-kadence-advancedheading.kt-adv-heading58_627a85-4e img.kb-inline-image, .wp-block-kadence-advancedheading.kt-adv-heading58_627a85-4e[data-kb-block=\"kb-adv-heading58_627a85-4e\"] img.kb-inline-image{width:150px;vertical-align:baseline;}<\/style>\n<h2 class=\"kt-adv-heading58_627a85-4e wp-block-kadence-advancedheading\" data-kb-block=\"kb-adv-heading58_627a85-4e\">Cra 29 # 7 &#8211; 36 Barrio Ricaurte, Bogot\u00e1 D.C. , Colombia<\/h2>\n<\/div><\/div>\n\n<\/div><\/div>\n\n<style>.kb-row-layout-id58_47dd29-85 > .kt-row-column-wrap{align-content:start;}:where(.kb-row-layout-id58_47dd29-85 > .kt-row-column-wrap) > .wp-block-kadence-column{justify-content:start;}.kb-row-layout-id58_47dd29-85 > .kt-row-column-wrap{column-gap:var(--global-kb-gap-md, 2rem);row-gap:var(--global-kb-gap-md, 2rem);padding-top:var(--global-kb-spacing-sm, 1.5rem);padding-bottom:var(--global-kb-spacing-sm, 1.5rem);grid-template-columns:repeat(2, minmax(0, 1fr));}.kb-row-layout-id58_47dd29-85 > .kt-row-layout-overlay{opacity:0.30;}@media all and (max-width: 1024px){.kb-row-layout-id58_47dd29-85 > .kt-row-column-wrap{grid-template-columns:repeat(2, minmax(0, 1fr));}}@media all and (max-width: 767px){.kb-row-layout-id58_47dd29-85 > .kt-row-column-wrap{grid-template-columns:minmax(0, 1fr);}}<\/style><div class=\"kb-row-layout-wrap kb-row-layout-id58_47dd29-85 alignnone wp-block-kadence-rowlayout\"><div class=\"kt-row-column-wrap kt-has-2-columns kt-row-layout-equal kt-tab-layout-inherit kt-mobile-layout-row kt-row-valign-top\">\n<style>.kadence-column58_216532-7f > .kt-inside-inner-col,.kadence-column58_216532-7f > .kt-inside-inner-col:before{border-top-left-radius:0px;border-top-right-radius:0px;border-bottom-right-radius:0px;border-bottom-left-radius:0px;}.kadence-column58_216532-7f > .kt-inside-inner-col{column-gap:var(--global-kb-gap-sm, 1rem);}.kadence-column58_216532-7f > .kt-inside-inner-col{flex-direction:column;}.kadence-column58_216532-7f > .kt-inside-inner-col > .aligncenter{width:100%;}.kadence-column58_216532-7f > .kt-inside-inner-col:before{opacity:0.3;}.kadence-column58_216532-7f{position:relative;}@media all and (max-width: 1024px){.kadence-column58_216532-7f > .kt-inside-inner-col{flex-direction:column;justify-content:center;}}@media all and (max-width: 767px){.kadence-column58_216532-7f > .kt-inside-inner-col{flex-direction:column;justify-content:center;}}<\/style>\n<div class=\"wp-block-kadence-column kadence-column58_216532-7f\"><div class=\"kt-inside-inner-col\"><style>.kt-svg-icons58_6deb1a-9f .kt-svg-item-0 .kb-svg-icon-wrap{color:var(--global-palette4, #2D3748);font-size:50px;}.wp-block-kadence-icon.kt-svg-icons58_6deb1a-9f{justify-content:flex-end;}<\/style>\n<div class=\"wp-block-kadence-icon kt-svg-icons kt-svg-icons58_6deb1a-9f alignnone\"><style>.kt-svg-item-58_587c0d-57 .kb-svg-icon-wrap, .kt-svg-style-stacked.kt-svg-item-58_587c0d-57 .kb-svg-icon-wrap{font-size:50px;}<\/style>\n<div class=\"wp-block-kadence-single-icon kt-svg-style-default kt-svg-icon-wrap kt-svg-item-58_587c0d-57\"><span class=\"kb-svg-icon-wrap kb-svg-icon-fe_phoneCall\"><svg viewBox=\"0 0 24 24\"  fill=\"none\" stroke=\"currentColor\" stroke-width=\"2\" stroke-linecap=\"round\" stroke-linejoin=\"round\" xmlns=\"http:\/\/www.w3.org\/2000\/svg\"  aria-hidden=\"true\"><path d=\"M15.05 5A5 5 0 0 1 19 8.95M15.05 1A9 9 0 0 1 23 8.94m-1 7.98v3a2 2 0 0 1-2.18 2 19.79 19.79 0 0 1-8.63-3.07 19.5 19.5 0 0 1-6-6 19.79 19.79 0 0 1-3.07-8.67A2 2 0 0 1 4.11 2h3a2 2 0 0 1 2 1.72 12.84 12.84 0 0 0 .7 2.81 2 2 0 0 1-.45 2.11L8.09 9.91a16 16 0 0 0 6 6l1.27-1.27a2 2 0 0 1 2.11-.45 12.84 12.84 0 0 0 2.81.7A2 2 0 0 1 22 16.92z\"\/><\/svg><\/span><\/div>\n<\/div>\n<\/div><\/div>\n\n\n<style>.kadence-column58_301e64-2b > .kt-inside-inner-col,.kadence-column58_301e64-2b > .kt-inside-inner-col:before{border-top-left-radius:0px;border-top-right-radius:0px;border-bottom-right-radius:0px;border-bottom-left-radius:0px;}.kadence-column58_301e64-2b > .kt-inside-inner-col{column-gap:var(--global-kb-gap-sm, 1rem);}.kadence-column58_301e64-2b > .kt-inside-inner-col{flex-direction:column;}.kadence-column58_301e64-2b > .kt-inside-inner-col > .aligncenter{width:100%;}.kadence-column58_301e64-2b > .kt-inside-inner-col:before{opacity:0.3;}.kadence-column58_301e64-2b{position:relative;}@media all and (max-width: 1024px){.kadence-column58_301e64-2b > .kt-inside-inner-col{flex-direction:column;justify-content:center;}}@media all and (max-width: 767px){.kadence-column58_301e64-2b > .kt-inside-inner-col{flex-direction:column;justify-content:center;}}<\/style>\n<div class=\"wp-block-kadence-column kadence-column58_301e64-2b\"><div class=\"kt-inside-inner-col\"><style>.wp-block-kadence-advancedheading.kt-adv-heading58_31a83f-ec, .wp-block-kadence-advancedheading.kt-adv-heading58_31a83f-ec[data-kb-block=\"kb-adv-heading58_31a83f-ec\"]{font-size:var(--global-kb-font-size-md, 1.25rem);font-style:normal;}.wp-block-kadence-advancedheading.kt-adv-heading58_31a83f-ec mark.kt-highlight, .wp-block-kadence-advancedheading.kt-adv-heading58_31a83f-ec[data-kb-block=\"kb-adv-heading58_31a83f-ec\"] mark.kt-highlight{font-style:normal;color:#f76a0c;-webkit-box-decoration-break:clone;box-decoration-break:clone;padding-top:0px;padding-right:0px;padding-bottom:0px;padding-left:0px;}.wp-block-kadence-advancedheading.kt-adv-heading58_31a83f-ec img.kb-inline-image, .wp-block-kadence-advancedheading.kt-adv-heading58_31a83f-ec[data-kb-block=\"kb-adv-heading58_31a83f-ec\"] img.kb-inline-image{width:150px;vertical-align:baseline;}<\/style>\n<h2 class=\"kt-adv-heading58_31a83f-ec wp-block-kadence-advancedheading\" data-kb-block=\"kb-adv-heading58_31a83f-ec\">Tel\u00e9fonos: (601)5194951<br> 321 2333296 &#8211; 3138905194<\/h2>\n\n\n\n<p><\/p>\n<\/div><\/div>\n\n<\/div><\/div>\n\n<style>.kb-row-layout-id58_055631-6a > .kt-row-column-wrap{align-content:start;}:where(.kb-row-layout-id58_055631-6a > .kt-row-column-wrap) > .wp-block-kadence-column{justify-content:start;}.kb-row-layout-id58_055631-6a > .kt-row-column-wrap{column-gap:var(--global-kb-gap-md, 2rem);row-gap:var(--global-kb-gap-md, 2rem);padding-top:var(--global-kb-spacing-sm, 1.5rem);padding-bottom:var(--global-kb-spacing-sm, 1.5rem);grid-template-columns:repeat(2, minmax(0, 1fr));}.kb-row-layout-id58_055631-6a > .kt-row-layout-overlay{opacity:0.30;}@media all and (max-width: 1024px){.kb-row-layout-id58_055631-6a > .kt-row-column-wrap{grid-template-columns:repeat(2, minmax(0, 1fr));}}@media all and (max-width: 767px){.kb-row-layout-id58_055631-6a > .kt-row-column-wrap{grid-template-columns:minmax(0, 1fr);}}<\/style><div class=\"kb-row-layout-wrap kb-row-layout-id58_055631-6a alignnone wp-block-kadence-rowlayout\"><div class=\"kt-row-column-wrap kt-has-2-columns kt-row-layout-equal kt-tab-layout-inherit kt-mobile-layout-row kt-row-valign-top\">\n<style>.kadence-column58_56e225-14 > .kt-inside-inner-col,.kadence-column58_56e225-14 > .kt-inside-inner-col:before{border-top-left-radius:0px;border-top-right-radius:0px;border-bottom-right-radius:0px;border-bottom-left-radius:0px;}.kadence-column58_56e225-14 > .kt-inside-inner-col{column-gap:var(--global-kb-gap-sm, 1rem);}.kadence-column58_56e225-14 > .kt-inside-inner-col{flex-direction:column;}.kadence-column58_56e225-14 > .kt-inside-inner-col > .aligncenter{width:100%;}.kadence-column58_56e225-14 > .kt-inside-inner-col:before{opacity:0.3;}.kadence-column58_56e225-14{position:relative;}@media all and (max-width: 1024px){.kadence-column58_56e225-14 > .kt-inside-inner-col{flex-direction:column;justify-content:center;}}@media all and (max-width: 767px){.kadence-column58_56e225-14 > .kt-inside-inner-col{flex-direction:column;justify-content:center;}}<\/style>\n<div class=\"wp-block-kadence-column kadence-column58_56e225-14\"><div class=\"kt-inside-inner-col\">\n<ul class=\"wp-block-social-links has-large-icon-size is-content-justification-right is-layout-flex wp-container-core-social-links-is-layout-765c4724 wp-block-social-links-is-layout-flex\"><\/ul>\n<\/div><\/div>\n\n\n<style>.kadence-column58_aced07-50 > .kt-inside-inner-col,.kadence-column58_aced07-50 > .kt-inside-inner-col:before{border-top-left-radius:0px;border-top-right-radius:0px;border-bottom-right-radius:0px;border-bottom-left-radius:0px;}.kadence-column58_aced07-50 > .kt-inside-inner-col{column-gap:var(--global-kb-gap-sm, 1rem);}.kadence-column58_aced07-50 > .kt-inside-inner-col{flex-direction:column;}.kadence-column58_aced07-50 > .kt-inside-inner-col > .aligncenter{width:100%;}.kadence-column58_aced07-50 > .kt-inside-inner-col:before{opacity:0.3;}.kadence-column58_aced07-50{position:relative;}@media all and (max-width: 1024px){.kadence-column58_aced07-50 > .kt-inside-inner-col{flex-direction:column;justify-content:center;}}@media all and (max-width: 767px){.kadence-column58_aced07-50 > .kt-inside-inner-col{flex-direction:column;justify-content:center;}}<\/style>\n<div class=\"wp-block-kadence-column kadence-column58_aced07-50\"><div class=\"kt-inside-inner-col\"><style>.wp-block-kadence-advancedbtn.kb-btns58_48b995-1a{gap:var(--global-kb-gap-xs, 0.5rem );justify-content:flex-start;align-items:center;}.kt-btns58_48b995-1a .kt-button{font-weight:normal;font-style:normal;}.kt-btns58_48b995-1a .kt-btn-wrap-0{margin-right:5px;}.wp-block-kadence-advancedbtn.kt-btns58_48b995-1a .kt-btn-wrap-0 .kt-button{color:#555555;border-color:#555555;}.wp-block-kadence-advancedbtn.kt-btns58_48b995-1a .kt-btn-wrap-0 .kt-button:hover, .wp-block-kadence-advancedbtn.kt-btns58_48b995-1a .kt-btn-wrap-0 .kt-button:focus{color:#ffffff;border-color:#444444;}.wp-block-kadence-advancedbtn.kt-btns58_48b995-1a .kt-btn-wrap-0 .kt-button::before{display:none;}.wp-block-kadence-advancedbtn.kt-btns58_48b995-1a .kt-btn-wrap-0 .kt-button:hover, .wp-block-kadence-advancedbtn.kt-btns58_48b995-1a .kt-btn-wrap-0 .kt-button:focus{background:#444444;}<\/style>\n<div class=\"wp-block-kadence-advancedbtn kb-buttons-wrap kb-btns58_48b995-1a\"><style>ul.menu .wp-block-kadence-advancedbtn .kb-btn58_76ac08-c8.kb-button{width:initial;}.wp-block-kadence-advancedbtn .kb-btn58_76ac08-c8.kb-button{background:linear-gradient(135deg,var(--global-palette3) 0%,var(--global-palette3) 100%) !important;}<\/style><a class=\"kb-button kt-button button kb-btn58_76ac08-c8 kt-btn-size-standard kt-btn-width-type-auto kb-btn-global-fill  kt-btn-has-text-true kt-btn-has-svg-false  wp-block-kadence-singlebtn\" href=\"https:\/\/wa.me\/573212333296\"><span class=\"kt-btn-inner-text\">Whatsapp: 3212333296<\/span><\/a><\/div>\n<\/div><\/div>\n\n<\/div><\/div>\n\n\n<div style=\"text-align:center;\">\n<iframe \nsrc=\"https:\/\/www.google.com\/maps?q=Cra+29+%237-36+Bogot\u00e1+DC&#038;output=embed\"\nwidth=\"100%\" \nheight=\"350\" \nstyle=\"border:0;\" \nallowfullscreen=\"\" \nloading=\"lazy\">\n<\/iframe>\n<\/div>\n\n\n<style>.wp-block-kadence-advancedheading.kt-adv-heading58_e6cf1b-07, .wp-block-kadence-advancedheading.kt-adv-heading58_e6cf1b-07[data-kb-block=\"kb-adv-heading58_e6cf1b-07\"]{text-align:center;font-style:normal;}.wp-block-kadence-advancedheading.kt-adv-heading58_e6cf1b-07 mark.kt-highlight, .wp-block-kadence-advancedheading.kt-adv-heading58_e6cf1b-07[data-kb-block=\"kb-adv-heading58_e6cf1b-07\"] mark.kt-highlight{font-style:normal;color:#f76a0c;-webkit-box-decoration-break:clone;box-decoration-break:clone;padding-top:0px;padding-right:0px;padding-bottom:0px;padding-left:0px;}.wp-block-kadence-advancedheading.kt-adv-heading58_e6cf1b-07 img.kb-inline-image, .wp-block-kadence-advancedheading.kt-adv-heading58_e6cf1b-07[data-kb-block=\"kb-adv-heading58_e6cf1b-07\"] img.kb-inline-image{width:150px;vertical-align:baseline;}<\/style>\n<h2 class=\"kt-adv-heading58_e6cf1b-07 wp-block-kadence-advancedheading\" data-kb-block=\"kb-adv-heading58_e6cf1b-07\">Horario de Atenci\u00f3n <\/h2>\n\n\n<style>.wp-block-kadence-advancedheading.kt-adv-heading58_5155a6-bf, .wp-block-kadence-advancedheading.kt-adv-heading58_5155a6-bf[data-kb-block=\"kb-adv-heading58_5155a6-bf\"]{text-align:center;font-style:normal;}.wp-block-kadence-advancedheading.kt-adv-heading58_5155a6-bf mark.kt-highlight, .wp-block-kadence-advancedheading.kt-adv-heading58_5155a6-bf[data-kb-block=\"kb-adv-heading58_5155a6-bf\"] mark.kt-highlight{font-style:normal;color:#f76a0c;-webkit-box-decoration-break:clone;box-decoration-break:clone;padding-top:0px;padding-right:0px;padding-bottom:0px;padding-left:0px;}.wp-block-kadence-advancedheading.kt-adv-heading58_5155a6-bf img.kb-inline-image, .wp-block-kadence-advancedheading.kt-adv-heading58_5155a6-bf[data-kb-block=\"kb-adv-heading58_5155a6-bf\"] img.kb-inline-image{width:150px;vertical-align:baseline;}<\/style>\n<p class=\"kt-adv-heading58_5155a6-bf wp-block-kadence-advancedheading\" data-kb-block=\"kb-adv-heading58_5155a6-bf\">Lunes a viernes:  7:30 am &#8211;  1:00 pm <br>                         1:00 pm &#8211; 5:00 pm<\/p>\n\n\n\n<p class=\"has-text-align-center\">S\u00e1bado:             7:30 am &#8211; 10:00 am   <br>                         10:30 am &#8211; 12:00 m       <\/p>\n\n\n\n<p><\/p>\n","protected":false},"excerpt":{"rendered":"<p>Cont\u00e1ctenos ventas@ferrediscos.com Cra 29 # 7 &#8211; 36 Barrio Ricaurte, Bogot\u00e1 D.C. , Colombia Tel\u00e9fonos: (601)5194951 321 2333296 &#8211; 3138905194 Horario de Atenci\u00f3n Lunes a viernes: 7:30 am &#8211; 1:00 pm 1:00 pm &#8211; 5:00 pm S\u00e1bado: 7:30 am &#8211; 10:00 am 10:30 am &#8211; 12:00 m<\/p>\n","protected":false},"author":1,"featured_media":0,"parent":0,"menu_order":0,"comment_status":"closed","ping_status":"closed","template":"","meta":{"_kadence_starter_templates_imported_post":false,"_kad_post_transparent":"","_kad_post_title":"hide","_kad_post_layout":"","_kad_post_sidebar_id":"","_kad_post_content_style":"","_kad_post_vertical_padding":"","_kad_post_feature":"","_kad_post_feature_position":"","_kad_post_header":false,"_kad_post_footer":false,"_kad_post_classname":"","footnotes":""},"class_list":["post-58","page","type-page","status-publish","hentry"],"_links":{"self":[{"href":"https:\/\/ferrediscos.com\/wp2\/wp-json\/wp\/v2\/pages\/58","targetHints":{"allow":["GET"]}}],"collection":[{"href":"https:\/\/ferrediscos.com\/wp2\/wp-json\/wp\/v2\/pages"}],"about":[{"href":"https:\/\/ferrediscos.com\/wp2\/wp-json\/wp\/v2\/types\/page"}],"author":[{"embeddable":true,"href":"https:\/\/ferrediscos.com\/wp2\/wp-json\/wp\/v2\/users\/1"}],"replies":[{"embeddable":true,"href":"https:\/\/ferrediscos.com\/wp2\/wp-json\/wp\/v2\/comments?post=58"}],"version-history":[{"count":11,"href":"https:\/\/ferrediscos.com\/wp2\/wp-json\/wp\/v2\/pages\/58\/revisions"}],"predecessor-version":[{"id":155,"href":"https:\/\/ferrediscos.com\/wp2\/wp-json\/wp\/v2\/pages\/58\/revisions\/155"}],"wp:attachment":[{"href":"https:\/\/ferrediscos.com\/wp2\/wp-json\/wp\/v2\/media?parent=58"}],"curies":[{"name":"wp","href":"https:\/\/api.w.org\/{rel}","templated":true}]}}